{"id":4,"date":"2024-08-24T11:10:06","date_gmt":"2024-08-24T11:10:06","guid":{"rendered":"http:\/\/ozkanvinc.com\/?page_id=4"},"modified":"2024-09-04T20:32:50","modified_gmt":"2024-09-04T20:32:50","slug":"home","status":"publish","type":"page","link":"https:\/\/ozkanvinc.com\/","title":{"rendered":"Hakk\u0131m\u0131zda"},"content":{"rendered":"\n<p>\u00d6ZKAN V\u0130N\u00c7 olarak, end\u00fcstriyel vin\u00e7 \u00e7\u00f6z\u00fcmleri alan\u0131nda \u00f6nc\u00fc bir firma olman\u0131n gururunu ya\u015f\u0131yoruz. M\u00fc\u015fterilerimize g\u00fcvenilir, yenilik\u00e7i ve verimli \u00e7\u00f6z\u00fcmler sunmak amac\u0131yla, y\u00fcksek kaliteli portal vin\u00e7, pergel vin\u00e7, gezer k\u00f6pr\u00fc vin\u00e7 ve monoray vin\u00e7 \u00fcretimi ger\u00e7ekle\u015ftiriyoruz.<\/p>\n\n\n\n<div class=\"wp-block-cover\"><span aria-hidden=\"true\" class=\"wp-block-cover__background has-background-dim\"><\/span><img loading=\"lazy\" decoding=\"async\" width=\"1024\" height=\"683\" class=\"wp-block-cover__image-background wp-image-38\" alt=\"\" src=\"http:\/\/ozkanvinc.com\/wp-content\/uploads\/2024\/08\/colibri-image-128-1024x683.png\" data-object-fit=\"cover\" srcset=\"https:\/\/ozkanvinc.com\/wp-content\/uploads\/2024\/08\/colibri-image-128-1024x683.png 1024w, https:\/\/ozkanvinc.com\/wp-content\/uploads\/2024\/08\/colibri-image-128-300x200.png 300w, https:\/\/ozkanvinc.com\/wp-content\/uploads\/2024\/08\/colibri-image-128-768x512.png 768w, https:\/\/ozkanvinc.com\/wp-content\/uploads\/2024\/08\/colibri-image-128-1536x1024.png 1536w, https:\/\/ozkanvinc.com\/wp-content\/uploads\/2024\/08\/colibri-image-128.png 1920w\" sizes=\"auto, (max-width: 1024px) 100vw, 1024px\" \/><div class=\"wp-block-cover__inner-container is-layout-flow wp-block-cover-is-layout-flow\">\n<p>Sekt\u00f6r\u00fcn&nbsp;referans noktas\u0131.<\/p>\n\n\n\n<p><strong>De\u011ferlerimiz:<\/strong><\/p>\n\n\n\n<p><strong>S\u00fcrd\u00fcr\u00fclebilirlik:<\/strong>&nbsp;\u00c7evreye duyarl\u0131 \u00fcretim y\u00f6ntemleri ile s\u00fcrd\u00fcr\u00fclebilir bir gelecek i\u00e7in \u00e7al\u0131\u015f\u0131yoruz.<\/p>\n\n\n\n<p><strong>Kalite:<\/strong>&nbsp;\u00dcretim s\u00fcre\u00e7lerimizde en y\u00fcksek kalite standartlar\u0131n\u0131 benimsiyor, dayan\u0131kl\u0131 ve g\u00fcvenilir vin\u00e7 sistemleri \u00fcretiyoruz.<\/p>\n\n\n\n<p><strong>Yenilik\u00e7ilik:<\/strong>&nbsp;Teknolojiyi yak\u0131ndan takip ederek s\u00fcrekli yenilik\u00e7i \u00e7\u00f6z\u00fcmler geli\u015ftiriyoruz.<\/p>\n\n\n\n<p><strong>M\u00fc\u015fteri Odakl\u0131l\u0131k:<\/strong>&nbsp;M\u00fc\u015fterilerimizin ihtiya\u00e7lar\u0131na \u00f6zel \u00e7\u00f6z\u00fcmler sunarak, onlar\u0131n i\u015f s\u00fcre\u00e7lerini daha verimli hale getiriyoruz.<\/p>\n\n\n\n<p><strong>G\u00fcvenlik:<\/strong>&nbsp;T\u00fcm \u00fcr\u00fcnlerimizde g\u00fcvenli\u011fi en \u00fcst seviyede tutarak, i\u015f g\u00fcvenli\u011fini \u00f6n planda tutuyoruz.<\/p>\n<\/div><\/div>\n","protected":false},"excerpt":{"rendered":"<p>\u00d6ZKAN V\u0130N\u00c7 olarak, end\u00fcstriyel vin\u00e7 \u00e7\u00f6z\u00fcmleri alan\u0131nda \u00f6nc\u00fc bir firma olman\u0131n gururunu ya\u015f\u0131yoruz. M\u00fc\u015fterilerimize g\u00fcvenilir, yenilik\u00e7i ve verimli \u00e7\u00f6z\u00fcmler sunmak amac\u0131yla, y\u00fcksek kaliteli portal vin\u00e7, pergel vin\u00e7, gezer k\u00f6pr\u00fc vin\u00e7 ve monoray vin\u00e7 \u00fcretimi ger\u00e7ekle\u015ftiriyoruz.<\/p>\n","protected":false},"author":1,"featured_media":0,"parent":113,"menu_order":1,"comment_status":"closed","ping_status":"closed","template":"","meta":{"footnotes":""},"class_list":["post-4","page","type-page","status-publish","hentry"],"_links":{"self":[{"href":"https:\/\/ozkanvinc.com\/index.php?rest_route=\/wp\/v2\/pages\/4","targetHints":{"allow":["GET"]}}],"collection":[{"href":"https:\/\/ozkanvinc.com\/index.php?rest_route=\/wp\/v2\/pages"}],"about":[{"href":"https:\/\/ozkanvinc.com\/index.php?rest_route=\/wp\/v2\/types\/page"}],"author":[{"embeddable":true,"href":"https:\/\/ozkanvinc.com\/index.php?rest_route=\/wp\/v2\/users\/1"}],"replies":[{"embeddable":true,"href":"https:\/\/ozkanvinc.com\/index.php?rest_route=%2Fwp%2Fv2%2Fcomments&post=4"}],"version-history":[{"count":2,"href":"https:\/\/ozkanvinc.com\/index.php?rest_route=\/wp\/v2\/pages\/4\/revisions"}],"predecessor-version":[{"id":112,"href":"https:\/\/ozkanvinc.com\/index.php?rest_route=\/wp\/v2\/pages\/4\/revisions\/112"}],"up":[{"embeddable":true,"href":"https:\/\/ozkanvinc.com\/index.php?rest_route=\/wp\/v2\/pages\/113"}],"wp:attachment":[{"href":"https:\/\/ozkanvinc.com\/index.php?rest_route=%2Fwp%2Fv2%2Fmedia&parent=4"}],"curies":[{"name":"wp","href":"https:\/\/api.w.org\/{rel}","templated":true}]}}