{"id":239,"date":"2024-09-05T11:18:39","date_gmt":"2024-09-05T11:18:39","guid":{"rendered":"http:\/\/ozkanvinc.com\/?page_id=239"},"modified":"2024-09-05T11:18:39","modified_gmt":"2024-09-05T11:18:39","slug":"ozkan-vinc-servisi","status":"publish","type":"page","link":"https:\/\/ozkanvinc.com\/?page_id=239","title":{"rendered":"\u00d6ZKAN V\u0130N\u00c7 SERV\u0130S\u0130"},"content":{"rendered":"\n<p><strong>\u00d6ZKAN SERV\u0130S\u0130<\/strong><\/p>\n\n\n\n<ul class=\"wp-block-list\">\n<li><strong>YARDIMCI OLMAYA DA\u0130MA HAZIRDIR.<\/strong><\/li>\n\n\n\n<li><strong>G\u00dcN\u00dcN HER SAAT\u0130NDE YARDIMCI OLMAYA HAZIRDIR.<\/strong><\/li>\n\n\n\n<li><strong>KES\u0130NT\u0130S\u0130Z SERV\u0130S H\u0130ZMET\u0130; 24\/365<\/strong><\/li>\n<\/ul>\n\n\n\n<p><strong>T\u00fcm \u00fclke \u00e7ap\u0131nda<\/strong><\/p>\n\n\n\n<p>\u00d6ZKAN Vin\u00e7 ve End\u00fcstri Makinalar\u0131; uzman servis ekibinin \u00fclke \u00e7ap\u0131ndaki a\u011f\u0131 sayesinde, sizlere kapsaml\u0131 ve g\u00fcvenilir servis hizmetini rahatl\u0131kla sunmaktad\u0131r.&nbsp;<\/p>\n\n\n\n<p>\u00d6ZKAN Servisi; m\u00fcmk\u00fcn olan maksimum g\u00fcvenlik, emniyet, g\u00fcvenilirlik ve kullan\u0131labilirli\u011fi garanti ederler.<\/p>\n\n\n\n<p>\u00d6ZKAN Servisi; vin\u00e7lerinizin ve donan\u0131mlar\u0131n\u0131z\u0131n, t\u00fcm \u00e7al\u0131\u015fma \u00f6m\u00fcrleri s\u00fcresince etkili \u015fekilde ve ekonomik olarak kullan\u0131labilirli\u011fini sa\u011flama ama\u00e7lar\u0131 ve temellerinde hizmet vermektedir.<\/p>\n\n\n\n<p>Banka tatil g\u00fcnleri, haftal\u0131k tatil g\u00fcnleri ve resmi tatiller de dahil olmak \u00fczere 24 saat ve 365 g\u00fcn KES\u0130NT\u0130S\u0130Z SERV\u0130S H\u0130ZMET\u0130.<\/p>\n\n\n\n<p>&nbsp;&nbsp;&nbsp;&nbsp;&nbsp;&nbsp;&nbsp;&nbsp;&nbsp;&nbsp;&nbsp;&nbsp;&nbsp;&nbsp; SERV\u0130S TEKN\u0130SYENLER\u0130M\u0130Z T\u00dcM SORULARINIZI CEVAPLAMAYA HAZIRDIR.<\/p>\n\n\n\n<p>E-posta:\u00a0  <a href=\"mailto:info@aservinc.com\">info@ozkanvinc.com<\/a> <\/p>\n\n\n\n<p>Telefon: +90 212 407 03 77\u00a0\u00a0 &amp;\u00a0\u00a0 GSM:\u00a0 +90 546 582 01 52<\/p>\n\n\n\n<p><strong>\u00d6ZKAN Servisi Hizmet Kapsam ve Alanlar\u0131:<\/strong><\/p>\n\n\n\n<p>\u00d6ZKAN Servisi; vin\u00e7lerinizin t\u00fcm \u00e7al\u0131\u015fma \u00f6mr\u00fc boyunca kullan\u0131labilirli\u011fini garanti alt\u0131na alabilmek i\u00e7in kapsaml\u0131 bir hizmet portf\u00f6y\u00fc paketi sunmaktad\u0131r:<\/p>\n\n\n\n<ul class=\"wp-block-list\">\n<li>Vin\u00e7 montaj\u0131 ve devreye alma hizmeti<\/li>\n\n\n\n<li>G\u00fcvenlik kontrolleri: \u0130lgili kaza \u00f6nleme y\u00f6netmelikleri ile genel bak\u0131m ve revizyonlara uygun olarak tekrarlanan kontroller ve denetimler<\/li>\n\n\n\n<li>Kontrol ve bak\u0131mlar: S\u00f6zle\u015fme program\u0131na uygun olarak yap\u0131lan kontroller ve bak\u0131mlar<\/li>\n\n\n\n<li>Ar\u0131zalar\u0131n giderilmesi ve onar\u0131m\u0131: S\u00f6zle\u015fmeli veya s\u00f6zle\u015fmesiz olarak bildirilen ar\u0131zalar\u0131n\u0131z\u0131n giderilmesi ve onar\u0131m\u0131 hizmeti,<\/li>\n\n\n\n<li>24 saat aktif \u00e7a\u011fr\u0131 sistemi: S\u00f6zle\u015fmeli olarak ger\u00e7ekle\u015ftirilen g\u00fcn\u00fcn 24 saati kullan\u0131labilen \u00e7a\u011fr\u0131 sistemi ile ar\u0131za giderilmesi hizmeti,<\/li>\n\n\n\n<li>Modernizasyon ve yenile\u015ftirme faaliyetleri<\/li>\n\n\n\n<li>Vin\u00e7 ve vin\u00e7 y\u00fcr\u00fcy\u00fc\u015f yolu kontrolleri ve incelemesi,<\/li>\n\n\n\n<li>H\u0131zl\u0131 ve g\u00fcvenilir yedek par\u00e7a temini<\/li>\n\n\n\n<li>Vin\u00e7 operat\u00f6rleri ve bak\u0131m m\u00fchendisleri i\u00e7in hizmet i\u00e7i servis e\u011fitimi<\/li>\n<\/ul>\n\n\n\n<p>\u00d6ZKAN, sizlerin ba\u011f\u0131ms\u0131z ihtiya\u00e7lar\u0131n\u0131z ve gereksinimlerinizi kar\u015f\u0131layabilmek i\u00e7in yukar\u0131daki temel esaslarda de\u011fi\u015fik servis paketleri haz\u0131rlay\u0131p hizmete sunar.<\/p>\n\n\n\n<p><strong>H\u0131zl\u0131 ve g\u00fcvenilir yedek par\u00e7a temini<\/strong><\/p>\n\n\n\n<p>\u00dclke \u00e7ap\u0131ndaki t\u00fcm m\u00fc\u015fterilerimize gerekli olan t\u00fcm yedek par\u00e7alar, \u00d6ZKAN Vin\u00e7 ve End\u00fcstri Makinalar\u0131 ve geni\u015f servis a\u011f\u0131 vas\u0131tas\u0131yla esnek ve h\u0131zl\u0131 bir \u015fekilde temin edilmektedir.<\/p>\n\n\n\n<p>M\u00fc\u015fterilerimize gereken her t\u00fcrl\u00fc yedek par\u00e7a ihtiya\u00e7lar\u0131; haftan\u0131n 7 g\u00fcn\u00fc ve g\u00fcn\u00fcn 24 saati sevk edilebilmektedir.<\/p>\n\n\n\n<p><strong>Modernizasyon ve yenile\u015ftirme faaliyetleri: \u00c7ok uygun fiyatlara ustal\u0131kla ger\u00e7ekle\u015ftirilebilme \u00f6zelli\u011fi<\/strong><\/p>\n\n\n\n<p>\u00dcretimi ne olursa olsun ve sekt\u00f6r\u00fc ne olursa olsun e\u011fer ticaret yap\u0131yorsan\u0131z, esneklik \u015fimdi her zamankinden daha fazla \u00f6nem ta\u015f\u0131maktad\u0131r. Bu durum, kullanmakta oldu\u011funuz vincinizin g\u00fcncel olan yeni \u015fartlara adaptasyonunun gereklili\u011fi anlam\u0131na gelmektedir. Bizim modernizasyon ve yenileme uzmanlar\u0131m\u0131z, kulland\u0131\u011f\u0131n\u0131z vin\u00e7lerden daha fazla performans ve verim alabilmenizi sa\u011flamak i\u00e7in \u00fcr\u00fcne ait yeni fonksiyonlar\u0131 akuple edecek ve \u00f6zelliklerini art\u0131racakt\u0131r. \u00d6rne\u011fin:<\/p>\n\n\n\n<ul class=\"wp-block-list\">\n<li>Daha g\u00fc\u00e7l\u00fc motorlar\u0131n, y\u00fcksek performansl\u0131 red\u00fckt\u00f6rlerin, daha iyi y\u00fcr\u00fctme tekerlekleri veya daha h\u0131zl\u0131 y\u00fcr\u00fctme i\u00e7in komple ba\u015fl\u0131k kiri\u015fleri ve gerekti\u011finde h\u0131z kontrol sistemi montajlar\u0131,<\/li>\n\n\n\n<li>Artan y\u00fck kapasitesi,<\/li>\n\n\n\n<li>Ray a\u00e7\u0131kl\u0131\u011f\u0131 de\u011fi\u015fiklikleri,<\/li>\n\n\n\n<li>Mevcut kald\u0131rma \u00fcnitesinin de\u011fi\u015ftirilmesi,<\/li>\n\n\n\n<li>Enerji besleme sisteminin de\u011fi\u015ftirilmesi,<\/li>\n\n\n\n<li>Elektrik tesisat\u0131n\u0131n yenilenmesi,<\/li>\n\n\n\n<li>Ayn\u0131 y\u00fcr\u00fcy\u00fc\u015f yolu \u00fczerinde \u00e7al\u0131\u015fan vin\u00e7lerin g\u00fcvenli i\u015fletimini sa\u011flayan mesafe kontrol\u00fc ve \u00e7arp\u0131\u015fma \u00f6nleme sisteminin sisteme montaj\u0131,<\/li>\n\n\n\n<li>Kumanda sisteminin, radyo kumanda sistemine d\u00f6n\u00fc\u015ft\u00fcr\u00fclmesi,<\/li>\n\n\n\n<li>A\u015f\u0131r\u0131 y\u00fck limitinin sisteme eklenmesi veya de\u011fi\u015ftirilmesi<\/li>\n\n\n\n<li>\u00c7ift kiri\u015fli gezer k\u00f6pr\u00fc arabalar\u0131, araba y\u00fcr\u00fctme gruplar\u0131, y\u00fck kald\u0131rma m\u0131knat\u0131slar\u0131 gibi y\u00fck ta\u015f\u0131ma ekipmanlar\u0131n\u0131zda yap\u0131lacak tadilat ve g\u00fc\u00e7lendirmeler,<\/li>\n\n\n\n<li>Y\u00fcr\u00fcy\u00fc\u015f yolu yenilemesi, vb.<\/li>\n<\/ul>\n\n\n\n<p><strong>Genel Revizyon<\/strong><\/p>\n\n\n\n<p>Kald\u0131rma \u00fcnitenizin kullan\u0131m s\u00fcresi, teorik kullan\u0131m s\u00fcresinin sonuna ula\u015ft\u0131\u011f\u0131nda; gerek ilgili FEM normlar\u0131, gerek 2006\/42 EC Makine Direktifi ve gerekse yasal t\u00fcz\u00fck ve y\u00f6netmeliklere uygun \u015fekilde \u00fcnitenize Genel Revizyon yap\u0131lmas\u0131 gerekmektedir ve bu yasal zorunluluktur. (Bu s\u00fcre; kald\u0131rma \u00fcnitesinin se\u00e7imi do\u011fru yap\u0131lm\u0131\u015f ise takribi olarak minimum 5 y\u0131l ve maksimum 10 y\u0131ld\u0131r).<\/p>\n\n\n\n<p>\u00d6ZKAN Servisi olarak kapsaml\u0131 Genel Revizyon kapsam\u0131m\u0131z; malzeme, par\u00e7a de\u011fi\u015ftirme ve fonksiyonel testler dahil olmak \u00fczere sizlere \u00e7ok uygun ve sabit fiyatlara sertifikal\u0131 olarak g\u00fcvenle bu hizmeti de sunmaktad\u0131r.<\/p>\n","protected":false},"excerpt":{"rendered":"<p>\u00d6ZKAN SERV\u0130S\u0130 T\u00fcm \u00fclke \u00e7ap\u0131nda \u00d6ZKAN Vin\u00e7 ve End\u00fcstri Makinalar\u0131; uzman servis ekibinin \u00fclke \u00e7ap\u0131ndaki a\u011f\u0131 sayesinde, sizlere kapsaml\u0131 ve g\u00fcvenilir servis hizmetini rahatl\u0131kla sunmaktad\u0131r.&nbsp; \u00d6ZKAN Servisi; m\u00fcmk\u00fcn olan maksimum g\u00fcvenlik, emniyet, g\u00fcvenilirlik ve kullan\u0131labilirli\u011fi garanti ederler. \u00d6ZKAN Servisi; vin\u00e7lerinizin ve donan\u0131mlar\u0131n\u0131z\u0131n, t\u00fcm \u00e7al\u0131\u015fma \u00f6m\u00fcrleri s\u00fcresince etkili \u015fekilde ve ekonomik olarak kullan\u0131labilirli\u011fini sa\u011flama ama\u00e7lar\u0131 ve [&hellip;]<\/p>\n","protected":false},"author":1,"featured_media":0,"parent":0,"menu_order":0,"comment_status":"closed","ping_status":"closed","template":"","meta":{"footnotes":""},"class_list":["post-239","page","type-page","status-publish","hentry"],"_links":{"self":[{"href":"https:\/\/ozkanvinc.com\/index.php?rest_route=\/wp\/v2\/pages\/239","targetHints":{"allow":["GET"]}}],"collection":[{"href":"https:\/\/ozkanvinc.com\/index.php?rest_route=\/wp\/v2\/pages"}],"about":[{"href":"https:\/\/ozkanvinc.com\/index.php?rest_route=\/wp\/v2\/types\/page"}],"author":[{"embeddable":true,"href":"https:\/\/ozkanvinc.com\/index.php?rest_route=\/wp\/v2\/users\/1"}],"replies":[{"embeddable":true,"href":"https:\/\/ozkanvinc.com\/index.php?rest_route=%2Fwp%2Fv2%2Fcomments&post=239"}],"version-history":[{"count":1,"href":"https:\/\/ozkanvinc.com\/index.php?rest_route=\/wp\/v2\/pages\/239\/revisions"}],"predecessor-version":[{"id":240,"href":"https:\/\/ozkanvinc.com\/index.php?rest_route=\/wp\/v2\/pages\/239\/revisions\/240"}],"wp:attachment":[{"href":"https:\/\/ozkanvinc.com\/index.php?rest_route=%2Fwp%2Fv2%2Fmedia&parent=239"}],"curies":[{"name":"wp","href":"https:\/\/api.w.org\/{rel}","templated":true}]}}