{"id":119,"date":"2024-09-04T20:35:39","date_gmt":"2024-09-04T20:35:39","guid":{"rendered":"http:\/\/ozkanvinc.com\/?page_id=119"},"modified":"2024-09-05T09:16:45","modified_gmt":"2024-09-05T09:16:45","slug":"gezer-kopru-vincler","status":"publish","type":"page","link":"https:\/\/ozkanvinc.com\/?page_id=119","title":{"rendered":"Gezer K\u00f6pr\u00fc Vin\u00e7ler"},"content":{"rendered":"\n<ul class=\"wp-block-list\">\n<li><strong>En y\u00fcksek performans ve d\u00fc\u015f\u00fck maliyet yap\u0131s\u0131<\/strong><\/li>\n\n\n\n<li><strong>Daha fazla verimlilik i\u00e7in y\u00fcksek kullan\u0131m oranlar\u0131<\/strong><\/li>\n\n\n\n<li><strong>Az yer kaplayan tasar\u0131m\u0131 sayesinde sa\u011flanan maksimum kald\u0131rma y\u00fckseklikleri<\/strong><\/li>\n\n\n\n<li><strong>En uygun hale getirilmi\u015f tasar\u0131m\u0131 sayesinde bina ve i\u015fletme maliyetlerinde elde edilen tasarruf<\/strong><\/li>\n\n\n\n<li><strong>Tandem \u00e7al\u0131\u015fma (ikili veya birlikte \u00e7al\u0131\u015fma) ihtiya\u00e7lar\u0131n\u0131zda temin edilen y\u00fcksek hassasiyet<\/strong><\/li>\n\n\n\n<li><strong>Minimum \u00f6l\u00fc a\u011f\u0131rl\u0131klar ile sa\u011flanabilen y\u00fcksek kald\u0131rma kapasiteleri<\/strong><\/li>\n\n\n\n<li><strong>Ortalama y\u00fck aral\u0131klar\u0131nda elde edilen ekonomik \u00e7\u00f6z\u00fcm<\/strong><\/li>\n\n\n\n<li><strong>Maksimum 10 ton kald\u0131rma kapasitesi ve maksimum 30 m ray a\u00e7\u0131kl\u0131\u011f\u0131<\/strong><\/li>\n<\/ul>\n\n\n\n<p>STK.KK tek kiri\u015fli gezer k\u00f6pr\u00fc vin\u00e7leri,&nbsp; y\u00fcksek kaliteye sahip \u00d6ZKAN teknolojisini \u00e7ok uygun, cazip ve ekonomik&nbsp; fiyatlara sizlere sunar.<\/p>\n\n\n\n<p>STK.KK tek kiri\u015fli gezer k\u00f6pr\u00fc vin\u00e7lerimiz, bilgisayar programlar\u0131m\u0131z ile en ideal hesaplama ile se\u00e7im yap\u0131larak ula\u015f\u0131lan minimum \u00f6l\u00fc a\u011f\u0131rl\u0131klar ile maksimum sa\u011flaml\u0131k ve dayan\u0131m \u00f6zelli\u011fine sahiptir. Bu \u00f6zellik ile y\u00fcr\u00fcy\u00fc\u015f yoluna gelen y\u00fckler d\u00fc\u015f\u00fck tutuldu\u011fundan dolay\u0131 binan\u0131z i\u00e7in d\u00fc\u015f\u00fck maliyetli bir tasar\u0131m se\u00e7ilebilir. Bu yakla\u015f\u0131m tarz\u0131 da uygun maliyetli bir \u00e7\u00f6z\u00fcme olanak sa\u011flar.<\/p>\n\n\n\n<p>\u00d6ZKAN kald\u0131rma \u00fcniteleri vin\u00e7 uygulamalar\u0131ndaki en uygun tasar\u0131ma sahiptir ve ayn\u0131 zamanda vin\u00e7 montajlar\u0131nda daha fazla verimlilik i\u00e7in t\u00fcm taleplerinizi rahatl\u0131kla kar\u015f\u0131lar.<\/p>\n\n\n\n<p>Y\u00fcksek kullan\u0131m h\u0131zlar\u0131na sahip kald\u0131rma gruplar\u0131 ve vin\u00e7 geometrisindeki g\u00f6ze \u00e7arpan avantajlar\u0131, ola\u011fan\u00fcst\u00fc y\u00fcr\u00fcy\u00fc\u015f \u00f6zelliklerini ortaya \u00e7\u0131kar\u0131r.<\/p>\n\n\n\n<p>Vincimiz, ana kiri\u015f ile ba\u015fl\u0131k kiri\u015fleri aras\u0131nda sa\u011flanabilen ba\u011flant\u0131 \u00e7e\u015fitlili\u011fi sayesinde bina tavan yap\u0131s\u0131na en ideal \u015fekilde adapte edilebilmektedir.<\/p>\n\n\n\n<p>STK.KK vin\u00e7leri, zemin seviyesinden kumanda \u015fekline g\u00f6re tasarlanm\u0131\u015ft\u0131r.<\/p>\n\n\n\n<p><strong>Avantajlar ve \u00d6zellikler:<\/strong><\/p>\n\n\n\n<ul class=\"wp-block-list\">\n<li>Bilgisayar programlar\u0131m\u0131z ile en ideal kutu kesitli konstr\u00fcksiyon tipi se\u00e7ilen Vin\u00e7 Ana Kiri\u015fi,<\/li>\n\n\n\n<li>Kaynakl\u0131 diyafram levhalar\u0131 sayesinde g\u00fc\u00e7lendirilmi\u015f ba\u011flant\u0131 yap\u0131s\u0131 ile burulmaya dayan\u0131kl\u0131 kapal\u0131 kutu kesitli profil,<\/li>\n\n\n\n<li>Bilgisayar programlar\u0131yla en uygun ve en ideal kesitler se\u00e7ilerek yap\u0131lan kutu kesitli vin\u00e7 ana kiri\u015flerinin d\u00fc\u015f\u00fck \u00f6l\u00fc a\u011f\u0131rl\u0131klar\u0131, yat\u0131r\u0131m maliyetlerinizi azalt\u0131r.<\/li>\n\n\n\n<li>En uygun hale getirilmi\u015f tasar\u0131m\u0131 sayesinde azalt\u0131lm\u0131\u015f olan yap\u0131 ve i\u015fletme maliyetleri,<\/li>\n\n\n\n<li>Minimum a\u015f\u0131nma i\u00e7in m\u00fchendislik toleranslar\u0131na g\u00f6re imalat\u0131 yap\u0131lan ana kiri\u015f ile ba\u015fl\u0131k kiri\u015fi aras\u0131 Ba\u011flant\u0131 Yap\u0131s\u0131,<\/li>\n\n\n\n<li>Burulmaya kar\u015f\u0131 dayan\u0131kl\u0131l\u0131\u011f\u0131 sa\u011flayan kaynakl\u0131 kutu kiri\u015f konstr\u00fcksiyona sahip Ba\u015fl\u0131k Kiri\u015fleri,<\/li>\n\n\n\n<li>\u00d6ZKAN standart tasar\u0131m\u0131n\u0131n bir par\u00e7as\u0131 olarak art\u0131r\u0131lm\u0131\u015f uzun \u00e7al\u0131\u015fma \u00f6mr\u00fc sayesinde kald\u0131rma gruplar\u0131n\u0131n artt\u0131r\u0131lan maliyet verimlili\u011fi,<\/li>\n\n\n\n<li>\u00d6ZKAN vincin 2m i\u015fletim s\u0131n\u0131f\u0131 ortalamas\u0131 nedeniyle art\u0131r\u0131lm\u0131\u015f \u00e7al\u0131\u015fma \u00f6m\u00fcrlerine sahip kald\u0131rma gruplar\u0131 sayesinde elde edilen daha y\u00fcksek verim,<\/li>\n\n\n\n<li>Artt\u0131r\u0131labilir kald\u0131rma ve araba y\u00fcr\u00fctme h\u0131zlar\u0131 sayesinde y\u00fckseltilebilen kullan\u0131m oranlar\u0131,<\/li>\n\n\n\n<li>Frekans konverterleri ile sa\u011flanan kademesiz araba y\u00fcr\u00fctme h\u0131zlar\u0131 sayesinde elde edilen d\u00fc\u015f\u00fck y\u00fck sal\u0131n\u0131m hareketleri,<\/li>\n\n\n\n<li>D\u00fc\u015f\u00fck bak\u0131m gerektiren y\u00fcr\u00fctme gruplar\u0131 s\u00fcr\u00fcc\u00fcleri sayesinde y\u00fcr\u00fctme tekerlekleri ve vin\u00e7 y\u00fcr\u00fcy\u00fc\u015f yolunda elde edilen minimum a\u015f\u0131nma ve elveri\u015fli y\u00fcr\u00fctme karakteristikleri\u00a0<\/li>\n\n\n\n<li>Y\u00fcksek a\u015f\u0131nma dayan\u0131kl\u0131l\u0131\u011f\u0131na ve kendinden ya\u011flama \u00f6zelli\u011fine sahip GGG 70 k\u00fcresel grafitli d\u00f6kme demir malzemeden \u00fcretilen Y\u00fcr\u00fctme Tekerlekleri,<\/li>\n\n\n\n<li>Y\u00fcr\u00fctme tekerlekleri ve vin\u00e7 y\u00fcr\u00fcy\u00fc\u015f yollar\u0131nda minimum a\u015f\u0131nma ile sa\u011flanan en uygun y\u00fcr\u00fctme \u00f6zellikleri<\/li>\n\n\n\n<li>M\u00fcmk\u00fcn olan en geni\u015f alanda hizmet verebilmek i\u00e7in \u00e7ok elveri\u015fli kanca yakla\u015fma mesafelerine sahip, Al\u00e7ak Tavan Tip ve Standart Tip Monoray Kald\u0131rma \u00dcniteleri,<\/li>\n\n\n\n<li>Daha y\u00fcksek kald\u0131rma y\u00fckseklikleri ve az yer kaplayan kald\u0131rma grubu sayesinde mevcut \u00e7al\u0131\u015fma alan\u0131 ve y\u00fckseklik de\u011ferlerinin en uygun kullan\u0131m\u0131na olanak sa\u011flama\u00a0<\/li>\n\n\n\n<li>Koruyucu topraklamaya sahip son derece esnek Yass\u0131 Kablo Sistemi ile sa\u011flanan Kald\u0131rma \u00dcnitesi Enerji Beslemesi,<\/li>\n\n\n\n<li>Opsiyonel ana kiri\u015f boyunca kald\u0131rma \u00fcnitesinden Ba\u011f\u0131ms\u0131z Kumanda Butonu Sistemi,<\/li>\n\n\n\n<li>Opsiyonel Radyo Kumanda Sistemi.<\/li>\n\n\n\n<li>\u00c7elik yap\u0131lar ve bile\u015fenlerinde yap\u0131lan \u00f6n i\u015flemler sayesinde elde edilen en ideal anti-korozyon korumas\u0131.<\/li>\n<\/ul>\n\n\n\n<p><strong>Bina dizayn\u0131na en ideal uyum sa\u011flayacak tasar\u0131m se\u00e7enekleri:<\/strong><\/p>\n\n\n\n<figure class=\"wp-block-table\"><table class=\"has-fixed-layout\"><tbody><tr><td><img loading=\"lazy\" decoding=\"async\" width=\"150\" height=\"170\" class=\"wp-image-188\" style=\"width: 150px;\" src=\"http:\/\/ozkanvinc.com\/wp-content\/uploads\/2024\/09\/tip1.jpg\" alt=\"\"><\/td><td><img loading=\"lazy\" decoding=\"async\" width=\"150\" height=\"170\" class=\"wp-image-189\" style=\"width: 150px;\" src=\"http:\/\/ozkanvinc.com\/wp-content\/uploads\/2024\/09\/tip2.jpg\" alt=\"\"><\/td><td><img loading=\"lazy\" decoding=\"async\" width=\"150\" height=\"170\" class=\"wp-image-190\" style=\"width: 150px;\" src=\"http:\/\/ozkanvinc.com\/wp-content\/uploads\/2024\/09\/tip3.jpg\" alt=\"\"><\/td><td><img loading=\"lazy\" decoding=\"async\" width=\"150\" height=\"170\" class=\"wp-image-191\" style=\"width: 150px;\" src=\"http:\/\/ozkanvinc.com\/wp-content\/uploads\/2024\/09\/tip4.jpg\" alt=\"\"><\/td><td><img loading=\"lazy\" decoding=\"async\" width=\"150\" height=\"170\" class=\"wp-image-192\" style=\"width: 150px;\" src=\"http:\/\/ozkanvinc.com\/wp-content\/uploads\/2024\/09\/tip5.jpg\" alt=\"\"><\/td><\/tr><tr><td><strong>Tip 1<\/strong><\/td><td><strong>Tip 2<\/strong><\/td><td><strong>Tip 3<\/strong><\/td><td><strong>Tip 4<\/strong><\/td><td><strong>Tip 5<\/strong><\/td><\/tr><\/tbody><\/table><\/figure>\n\n\n<div class=\"wp-block-image\">\n<figure class=\"aligncenter size-full\"><img loading=\"lazy\" decoding=\"async\" width=\"661\" height=\"811\" src=\"http:\/\/ozkanvinc.com\/wp-content\/uploads\/2024\/09\/tk2.png\" alt=\"\" class=\"wp-image-193\" srcset=\"https:\/\/ozkanvinc.com\/wp-content\/uploads\/2024\/09\/tk2.png 661w, https:\/\/ozkanvinc.com\/wp-content\/uploads\/2024\/09\/tk2-245x300.png 245w\" sizes=\"auto, (max-width: 661px) 100vw, 661px\" \/><\/figure><\/div>","protected":false},"excerpt":{"rendered":"<p>STK.KK tek kiri\u015fli gezer k\u00f6pr\u00fc vin\u00e7leri,&nbsp; y\u00fcksek kaliteye sahip \u00d6ZKAN teknolojisini \u00e7ok uygun, cazip ve ekonomik&nbsp; fiyatlara sizlere sunar. STK.KK tek kiri\u015fli gezer k\u00f6pr\u00fc vin\u00e7lerimiz, bilgisayar programlar\u0131m\u0131z ile en ideal hesaplama ile se\u00e7im yap\u0131larak ula\u015f\u0131lan minimum \u00f6l\u00fc a\u011f\u0131rl\u0131klar ile maksimum sa\u011flaml\u0131k ve dayan\u0131m \u00f6zelli\u011fine sahiptir. Bu \u00f6zellik ile y\u00fcr\u00fcy\u00fc\u015f yoluna gelen y\u00fckler d\u00fc\u015f\u00fck tutuldu\u011fundan dolay\u0131 [&hellip;]<\/p>\n","protected":false},"author":1,"featured_media":0,"parent":0,"menu_order":0,"comment_status":"closed","ping_status":"closed","template":"","meta":{"footnotes":""},"class_list":["post-119","page","type-page","status-publish","hentry"],"_links":{"self":[{"href":"https:\/\/ozkanvinc.com\/index.php?rest_route=\/wp\/v2\/pages\/119","targetHints":{"allow":["GET"]}}],"collection":[{"href":"https:\/\/ozkanvinc.com\/index.php?rest_route=\/wp\/v2\/pages"}],"about":[{"href":"https:\/\/ozkanvinc.com\/index.php?rest_route=\/wp\/v2\/types\/page"}],"author":[{"embeddable":true,"href":"https:\/\/ozkanvinc.com\/index.php?rest_route=\/wp\/v2\/users\/1"}],"replies":[{"embeddable":true,"href":"https:\/\/ozkanvinc.com\/index.php?rest_route=%2Fwp%2Fv2%2Fcomments&post=119"}],"version-history":[{"count":3,"href":"https:\/\/ozkanvinc.com\/index.php?rest_route=\/wp\/v2\/pages\/119\/revisions"}],"predecessor-version":[{"id":194,"href":"https:\/\/ozkanvinc.com\/index.php?rest_route=\/wp\/v2\/pages\/119\/revisions\/194"}],"wp:attachment":[{"href":"https:\/\/ozkanvinc.com\/index.php?rest_route=%2Fwp%2Fv2%2Fmedia&parent=119"}],"curies":[{"name":"wp","href":"https:\/\/api.w.org\/{rel}","templated":true}]}}